(r) = r**2 - 3*r - 5. Let a be (-17 - -2)*2/(-3). List the prime factors of u(a).
5, 13
Let p(h) = 72*h**2 - 11*h + 8. Let r be p(6). List the prime factors of r/70 - (-1)/(-5).
2, 3
Let j(x) = -x**2 + 23*x + 50. List the prime factors of j(21).
2, 23
Let g = 804 + -49. What are the prime factors of g?
5, 151
Let d(b) = -b**3 - 2*b**2 + 1425. Let j be d(0). What are the prime factors of ((-7)/((-70)/(-4)))/((-3)/j)?
2, 5, 19
Suppose 7*q - 35 = -5*r + 2*q, 3 = -q. Let c(k) = 21 + 3*k**2 - 28 + 3*k**2 + r*k - k**3. List the prime factors of c(7).
2, 7
Let o(v) = -v**2 - 5*v + 4. Let r be o(-5). Suppose r*l = l. Suppose l = 2*u - 5 - 47. List the prime factors of u.
2, 13
Suppose w = -2*x - 47, -5*x - 53 = 2*w + 62. Let q = -35 - x. What are the prime factors of (q/6)/((-4)/12)?
7
Let a be 2/4 + 4/(-24)*-9. Suppose -a*k = m - 31, 2*m - 7*m + 143 = 4*k. What are the prime factors of m?
3
Let b be 0/(((-8)/2)/(-4)). Suppose b = -0*k + 8*k - 520. List the prime factors of k.
5, 13
Suppose -5 = j, 23 = 4*g + 7*j - 2*j. What are the prime factors of (0 + -5 - -8) + g/2?
3
Suppose 5*q + 3*i = 4929, 3*i - 56 = -4*q + 3886. What are the prime factors of q?
3, 7, 47
Let j(d) = -d**3 + 8*d**2 - 2*d + 3. Let i be 1*(-2 + -4)*-1. What are the prime factors of j(i)?
3, 7
Let d = -5 + -34. Let b = d + 165. What are the prime factors of b?
2, 3, 7
Let p = -13 - -15. Suppose p*l - 37 = 33. List the prime factors of l.
5, 7
Suppose -4*r = 8, -v - 5*r - 10 = 3*v. Let t(i) = i**3 - i**2 + 2*i + 137. What are the prime factors of t(v)?
137
What are the prime factors of (40/(-100))/(((-7)/930)/7)?
2, 3, 31
Let h(n) = n**2 - 12*n + 4. Let w be h(12). Suppose -w = -x - x. Suppose -x*f + 64 = -6. What are the prime factors of f?
5, 7
Let w(z) = -3*z**3 - 7*z**2 - 12*z - 7. Let c = -99 - -95. List the prime factors of w(c).
11
Let n(f) be the second derivative of -f**7/840 + f**6/72 + f**5/120 - 5*f**3/6 + 3*f. Let i(v) be the second derivative of n(v). List the prime factors of i(5).
5
Let a = -4034 - -8590. What are the prime factors of a?
2, 17, 67
Let g(q) = -q**3 + 18*q**2 - 30*q - 50. What are the prime factors of g(15)?
5, 7
Let t be 0/(2/(-1 - -2)). Let m be (t + 0)/(-7 + 6). Suppose m = -k + 8 + 19. List the prime factors of k.
3
Suppose -5*s + 3 = -c - 9, -c = -s. Suppose w + 135 = k, s*w - 974 + 331 = -5*k. What are the prime factors of k?
131
Suppose 96*q = 224398 - 29614. What are the prime factors of q?
2029
Let s = -106 + -21. Let o = s + 210. What are the prime factors of o?
83
Let n = 7 + 962. List the prime factors of n.
3, 17, 19
Let c be 3 + -22 - 3 - 3. Suppose -21 = 4*a + 103. Let h = c - a. What are the prime factors of h?
2, 3
Let l = 880 + -569. List the prime factors of l.
311
List the prime factors of (-2)/((-4)/5)*267020/325.
2, 13, 79
What are the prime factors of (2/(-2) - (-4)/1) + 113?
2, 29
Let u(w) be the first derivative of 5*w**2 - w + 2. Let v be u(3). Let j = v - -28. List the prime factors of j.
3, 19
Let y be (-7)/(-49) - 1574/(-7). Suppose -d + y = -6*d. Let b = d - -71. What are the prime factors of b?
2, 13
Let h(c) = -c**3 + 17*c**2 + 20*c - 10. List the prime factors of h(17).
2, 3, 5, 11
Let z = -209 - -152. Let y = 8 - z. List the prime factors of y.
5, 13
Suppose -38*y + 96306 = 30338. List the prime factors of y.
2, 7, 31
Let n = -1 - -13. Let f(s) = 3*s - 4*s + 2*s + 390 - 394. List the prime factors of f(n).
2
Let p = -36 + 18. What are the prime factors of ((-1808)/40)/(p/(-10) - 2)?
2, 113
Let q(c) = -65*c**3 + c**2 + 2*c + 1. Suppose 6*a + d - 6 = 11*a, -5*d = 4*a - 1. What are the prime factors of q(a)?
5, 13
Suppose 13*p = 19*p - 882. Suppose -4*w + p = 3*w. What are the prime factors of w?
3, 7
Let x be -9*(4 - 7)*1. Let r = x - 36. Let n = r + 11. List the prime factors of n.
2
Let c(w) = -77*w + 169. List the prime factors of c(-12).
1093
Let z be 1*-6*(7 - 6). Let t = 8 + z. Suppose -t*q + 3 = -q. What are the prime factors of q?
3
Let n(h) = 7*h**3 + 13*h**2 + 24*h + 57. Let j(t) = -3*t**3 - 7*t**2 - 12*t - 28. Let g(k) = -9*j(k) - 4*n(k). What are the prime factors of g(12)?
2, 3
Let s(k) = 33*k - 20. List the prime factors of s(6).
2, 89
Suppose 0 = -34*w + 23*w + 29238. What are the prime factors of w?
2, 3, 443
Suppose -4*j + 13 + 15 = 4*h, 0 = 4*j + 3*h - 27. List the prime factors of ((-2)/j)/(16/(-6096)).
127
Suppose k = -6 + 8. Suppose 2*j - 2*d - 386 = 0, -2*d - 389 = -k*j - d. What are the prime factors of j?
2, 7
Suppose 20 = 4*p + 2*a + 2*a, 0 = p - 5*a - 23. List the prime factors of p.
2
Let w = 6 - 1. Let g be 420/7*2/w. Let o = -17 + g. What are the prime factors of o?
7
Suppose -15*d = -1008 - 5877. What are the prime factors of d?
3, 17
Suppose -3*f - 3*v = 0, -2*f + v = -2*v - 15. Suppose 12 = f*g + g. List the prime factors of 1*(0 - g) + 26.
23
Suppose -12*f + 8751 + 9309 = 0. What are the prime factors of f?
5, 7, 43
Let y be 1/(14/4) + (-69581)/(-119). Suppose 5*d - 14*d = -y. List the prime factors of d.
5, 13
Let d(c) = 4*c**2 - 31*c + 13. Let q(p) = -p**2 + p + 1. Let b(n) = d(n) + 5*q(n). What are the prime factors of b(-18)?
2, 3
Suppose 0 = -4*j + 3*j + 237. Suppose -j = -93*w + 90*w. List the prime factors of w.
79
Suppose 14*r - 11*r = -54. Let u(i) = i**2 + 12*i + 18. List the prime factors of u(r).
2, 3, 7
Let n = 257 - -571. Suppose 7*x - n = x. What are the prime factors of x?
2, 3, 23
Suppose -4*m - 2*f + 948 = 0, -3*m + 304 + 404 = 3*f. Suppose -m = 4*o - 58. Let b = o + 116. List the prime factors of b.
71
Suppose 2*r - 4 - 2 = 0. Suppose -y = g + 2*g - 9, -r = y - g. Suppose 4*s - 4*o = 0, y*o - 32 = -3*s - 5*o. List the prime factors of s.
2
Let u = 6085 - 2221. What are the prime factors of u?
2, 3, 7, 23
Suppose 2*w + 3555 = 5*c, 10*c - 2149 = 7*c - 2*w. List the prime factors of c.
23, 31
Let z be 6*10/15 - 1. List the prime factors of z*(-1 - 190/(-15)).
5, 7
Suppose 3*s = -5*o + 1305, 0 = s - 3*s - 10. Suppose -204 = -4*x + 2*h - 3*h, -5*x + o = -h. List the prime factors of x.
2, 13
Let h(d) = 2*d**2 - 25*d. Let p be h(13). Let z(g) = 7*g - 5. List the prime factors of z(p).
2, 43
Suppose -2*u + 5*u + 2*i - 897 = 0, -5*u + 5*i = -1520. Suppose 0 = -5*c - 4*o + u, -53 = 4*c - 5*c + o. What are the prime factors of c?
3, 19
Let r(y) = -2*y**3 + 36*y**2 - 15*y + 6. What are the prime factors of r(17)?
7, 47
Suppose -v - 2512 = -r, 31*v - 34*v = 5*r - 12520. What are the prime factors of r?
23, 109
Let b(s) = -s. Let w be b(-2). Let k(u) = 22*u - 7. Let n be k(3). Suppose -n = -4*q + 5*m, w*q - 5*m - 37 = -0*m. List the prime factors of q.
11
Suppose 12*r - 10*j = -6*j + 48748, -12191 = -3*r + 2*j. What are the prime factors of r?
31, 131
Suppose 4*c - 20 = -4*p, 2*p + 2*c + 8 = 6*c. Suppose -p*q = -102 - 14. List the prime factors of q.
2, 29
Suppose 0 = -2*s + w - 6, 0 = 4*s + 7*w - 4*w + 12. Let x be 4/2 + (-6)/s. Suppose -5*k - 4*z + 134 = 0, 108 = x*k + 2*z + z. List the prime factors of k.
2, 3, 5
Let n(v) = -v**2 + 0*v**2 + 8*v**2 - 5*v + 4*v**2 + 6. What are the prime factors of n(4)?
2, 3
Let l(w) = 9*w**2 + 23*w + 3. Let z(c) = -5*c**2 - 12*c - 2. Let y(p) = 4*l(p) + 7*z(p). What are the prime factors of y(6)?
2, 41
Suppose -18 = -2*b - 6. Let d(u) = -u**2 + 8*u - 3. List the prime factors of d(b).
3
What are the prime factors of (-12)/(-9) + 21*(-1344)/(-54)?
2, 131
Let s be -28*20*(-12)/56. Let x = 185 - s. Suppose 8*o = 7*o + x. What are the prime factors of o?
5, 13
List the prime factors of 1 - ((-1300)/125)/(2/135).
19, 37
Let o(x) = -17*x + 24. What are the prime factors of o(-5)?
109
Let y = 1781 - 772. What are the prime factors of y?
1009
Let g(j) = -4*j + 6. Let o be g(2). What are the prime factors of o + 8/(-6)*-12?
2, 7
Let q(m) = 6*m**2 + 2*m + 4. Let r(f) = f**2 + f + 1. Let l(j) = q(j) - 5*r(j). List the prime factors of l(-7).
3, 23
Let c(p) = -p**3 + 3*p**2 - 2*p + 3. Let k be ((-15)/20)/(6/(-16)). Let a be c(k). Suppose 0 = a*g - 0 - 6. What are the prime factors of g?
2
What are the prime factors of (80 - 71)/((-1)/((-348)/2))?
2, 3, 29
Let p = -45 + 48. What are the prime factors of (2/p)/(2/66*1)?
2, 11
Let v be 8/(-5) - 18/45. Let k be (-1)/2 - 1/v. Suppose 0 = -k*y - y + 3. List the prime factors of y.
3
Let d(o) = -32*o**2 + 30*o